 is the remainder when 390 is divided by 17?
16
What is the remainder when 135 is divided by 33?
3
Calculate the remainder when 102 is divided by 27.
21
What is the remainder when 279 is divided by 13?
6
Calculate the remainder when 194 is divided by 50.
44
What is the remainder when 28 is divided by 16?
12
What is the remainder when 2273 is divided by 69?
65
What is the remainder when 345 is divided by 58?
55
Calculate the remainder when 775 is divided by 39.
34
What is the remainder when 25089 is divided by 41?
38
What is the remainder when 375 is divided by 56?
39
What is the remainder when 208 is divided by 66?
10
What is the remainder when 210 is divided by 14?
0
What is the remainder when 2770 is divided by 36?
34
Calculate the remainder when 55 is divided by 28.
27
Calculate the remainder when 3282 is divided by 5.
2
What is the remainder when 1305 is divided by 35?
10
Calculate the remainder when 6553 is divided by 113.
112
Calculate the remainder when 107 is divided by 31.
14
What is the remainder when 50 is divided by 17?
16
What is the remainder when 114 is divided by 103?
11
What is the remainder when 955 is divided by 87?
85
Calculate the remainder when 717 is divided by 29.
21
Calculate the remainder when 149 is divided by 16.
5
Calculate the remainder when 971 is divided by 124.
103
Calculate the remainder when 898 is divided by 20.
18
What is the remainder when 878 is divided by 266?
80
Calculate the remainder when 10975 is divided by 183.
178
What is the remainder when 120 is divided by 16?
8
What is the remainder when 408 is divided by 60?
48
What is the remainder when 5 is divided by 3?
2
What is the remainder when 5945 is divided by 743?
1
What is the remainder when 501 is divided by 12?
9
What is the remainder when 1561 is divided by 150?
61
What is the remainder when 431 is divided by 29?
25
What is the remainder when 7274 is divided by 35?
29
What is the remainder when 301 is divided by 179?
122
What is the remainder when 2588 is divided by 2583?
5
What is the remainder when 284 is divided by 29?
23
Calculate the remainder when 168 is divided by 76.
16
What is the remainder when 4949 is divided by 150?
149
Calculate the remainder when 111 is divided by 44.
23
Calculate the remainder when 456 is divided by 40.
16
What is the remainder when 93 is divided by 8?
5
Calculate the remainder when 90 is divided by 8.
2
What is the remainder when 2506 is divided by 57?
55
Calculate the remainder when 250 is divided by 65.
55
Calculate the remainder when 295 is divided by 145.
5
What is the remainder when 534 is divided by 159?
57
What is the remainder when 66 is divided by 26?
14
Calculate the remainder when 419 is divided by 214.
205
What is the remainder when 443 is divided by 120?
83
What is the remainder when 876 is divided by 261?
93
What is the remainder when 933 is divided by 85?
83
What is the remainder when 1498 is divided by 100?
98
What is the remainder when 122 is divided by 25?
22
What is the remainder when 1868 is divided by 110?
108
Calculate the remainder when 80 is divided by 17.
12
What is the remainder when 870 is divided by 8?
6
What is the remainder when 1198 is divided by 30?
28
What is the remainder when 167 is divided by 17?
14
Calculate the remainder when 5788 is divided by 16.
12
Calculate the remainder when 649 is divided by 36.
1
Calculate the remainder when 66 is divided by 9.
3
What is the remainder when 391 is divided by 9?
4
Calculate the remainder when 1956 is divided by 35.
31
Calculate the remainder when 289 is divided by 102.
85
What is the remainder when 159 is divided by 54?
51
What is the remainder when 23 is divided by 16?
7
What is the remainder when 129 is divided by 6?
3
Calculate the remainder when 2644 is divided by 27.
25
Calculate the remainder when 4677 is divided by 78.
75
Calculate the remainder when 134 is divided by 63.
8
Calculate the remainder when 40968 is divided by 170.
168
What is the remainder when 650 is divided by 129?
5
Calculate the remainder when 699 is divided by 125.
74
What is the remainder when 6964 is divided by 27?
25
Calculate the remainder when 1052 is divided by 6.
2
What is the remainder when 316 is divided by 32?
28
What is the remainder when 564 is divided by 116?
100
Calculate the remainder when 69 is divided by 29.
11
Calculate the remainder when 1025 is divided by 51.
5
What is the remainder when 2603 is divided by 145?
138
What is the remainder when 418 is divided by 4?
2
Calculate the remainder when 277 is divided by 31.
29
Calculate the remainder when 4151 is divided by 83.
1
Calculate the remainder when 117 is divided by 32.
21
What is the remainder when 626 is divided by 21?
17
Calculate the remainder when 15 is divided by 13.
2
What is the remainder when 220 is divided by 16?
12
Calculate the remainder when 39 is divided by 10.
9
What is the remainder when 1589 is divided by 197?
13
Calculate the remainder when 804 is divided by 101.
97
What is the remainder when 374 is divided by 103?
65
What is the remainder when 90 is divided by 7?
6
Calculate the remainder when 1237 is divided by 208.
197
Calculate the remainder when 210 is divided by 36.
30
What is the remainder when 163 is divided by 85?
78
What is the remainder when 78 is divided by 12?
6
Calculate the remainder when 30 is divided by 25.
5
What is the remainder when 326 is divided by 276?
50
What is the remainder when 119 is divided by 18?
11
Calculate the remainder when 1776 is divided by 254.
252
What is the remainder when 746 is divided by 85?
66
Calculate the remainder when 548 is divided by 19.
16
Calculate the remainder when 773 is divided by 5.
3
What is the remainder when 1293 is divided by 428?
9
Calculate the remainder when 79 is divided by 16.
15
Calculate the remainder when 653 is divided by 28.
9
What is the remainder when 693 is divided by 34?
13
What is the remainder when 4684 is divided by 42?
22
What is the remainder when 3098 is divided by 443?
440
Calculate the remainder when 2683 is divided by 56.
51
Calculate the remainder when 217 is divided by 29.
14
What is the remainder when 1441 is divided by 4?
1
Calculate the remainder when 628 is divided by 18.
16
What is the remainder when 163 is divided by 83?
80
What is the remainder when 57 is divided by 8?
1
Calculate the remainder when 522 is divided by 12.
6
Calculate the remainder when 418 is divided by 106.
100
Calculate the remainder when 1175 is divided by 28.
27
Calculate the remainder when 66 is divided by 56.
10
Calculate the remainder when 2310 is divided by 758.
36
What is the remainder when 2232 is divided by 742?
6
What is the remainder when 80 is divided by 54?
26
What is the remainder when 3428 is divided by 78?
74
Calculate the remainder when 133 is divided by 25.
8
What is the remainder when 704 is divided by 16?
0
What is the remainder when 25357 is divided by 321?
319
What is the remainder when 774 is divided by 49?
39
What is the remainder when 126 is divided by 55?
16
Calculate the remainder when 146 is divided by 74.
72
Calculate the remainder when 101 is divided by 21.
17
What is the remainder when 375 is divided by 42?
39
Calculate the remainder when 679 is divided by 135.
4
Calculate the remainder when 194 is divided by 48.
2
What is the remainder when 24 is divided by 16?
8
Calculate the remainder when 3370 is divided by 1118.
16
What is the remainder when 3116 is divided by 30?
26
What is the remainder when 39 is divided by 21?
18
What is the remainder when 2406 is divided by 89?
3
What is the remainder when 1583 is divided by 36?
35
Calculate the remainder when 399 is divided by 80.
79
Calculate the remainder when 2985 is divided by 81.
69
Calculate the remainder when 503 is divided by 36.
35
What is the remainder when 850 is divided by 41?
30
What is the remainder when 657 is divided by 94?
93
Calculate the remainder when 86 is divided by 45.
41
Calculate the remainder when 204 is divided by 98.
8
What is the remainder when 308 is divided by 81?
65
Calculate the remainder when 374 is divided by 96.
86
What is the remainder when 155 is divided by 19?
3
What is the remainder when 43 is divided by 24?
19
What is the remainder when 189 is divided by 24?
21
Calculate the remainder when 802 is di